3 + 26*d**2 + 132*d - 9. Determine m(-4).
7
Let z(w) = -9*w + 139. Give z(16).
-5
Let h(y) = -2*y**2 + 7*y - 4. What is h(6)?
-34
Let i(x) = x**2 + 9*x - 3. What is i(-11)?
19
Let f(z) = -z**3 - 8*z**2 - 6*z. Calculate f(-6).
-36
Let c(q) = q**3 - 3*q**2 - 7*q - 1. Determine c(4).
-13
Let r(y) = 2*y**2 - 18*y + 16. Determine r(8).
0
Let p(d) = d**3 - 7*d**2 - 11*d + 5. What is p(8)?
-19
Let j(p) = -p**2 - 8*p - 16. Determine j(-6).
-4
Let l(d) = -d**2 + d - 67. What is l(0)?
-67
Let z(k) = 20*k + 488. Determine z(-25).
-12
Let i(z) = 2*z**3 + 10*z**2 + 19*z + 3. What is i(-2)?
-11
Let k(x) = x**2 + 3*x - 2. Calculate k(4).
26
Let c(d) = -d**2 - 3. Give c(-3).
-12
Let m(p) = 11*p + 2. Give m(1).
13
Let v(i) = 9*i**3 + i**2 + i - 2. Give v(-2).
-72
Let a(r) = 2*r - 8. Determine a(-5).
-18
Let m(x) = -x**3 + 2*x**2 + 6*x - 4. What is m(3)?
5
Let o(v) = v**2 + 14*v + 14. Determine o(-12).
-10
Let g(f) = f**2 + 5*f - 4. Calculate g(-5).
-4
Let u(k) = -k**2 + 11*k + 12. What is u(11)?
12
Let b(h) = -h - 9. What is b(-13)?
4
Let u(s) = -11*s + 4. Determine u(-2).
26
Let d(w) = w**2 + 12*w - 71. Determine d(-12).
-71
Let y(i) = -3*i + 59. Determine y(21).
-4
Let y(z) = -2*z**2 + 2*z + 47. Determine y(10).
-133
Let u(n) = -3*n - 65. Calculate u(-15).
-20
Let a(o) = -o**3 - o - 1. Determine a(-1).
1
Let c(h) = h**3 + 3*h**2 + h + 2. Calculate c(-3).
-1
Let y(a) = a**3 + 6*a**2 - 8*a - 7. What is y(-7)?
0
Let p(b) = 13*b**2 - b. What is p(-1)?
14
Let h(c) = -10*c + 95. Give h(7).
25
Let i(o) = 32*o + 242. What is i(-7)?
18
Let u(a) = -2*a - 7. What is u(3)?
-13
Let z(l) = 2*l**3 - 40*l**2 + 2*l - 45. Give z(20).
-5
Let a(t) = -t - 3. What is a(0)?
-3
Let o(m) = -2*m + 72. Calculate o(24).
24
Let z(f) = -f**2 - 4*f - 4. Determine z(-4).
-4
Let l(m) = 4*m - 9. Give l(3).
3
Let u(q) = q**2 - 21*q + 6. Give u(21).
6
Let n(j) = -j**3 - 22*j**2 + 2*j + 46. Determine n(-22).
2
Let x(a) = -13*a**2 + 3*a - 2. Calculate x(1).
-12
Let v(h) = 2*h**3 + 54*h**2 - h - 11. Calculate v(-27).
16
Let q(s) = -s + 40. Give q(-8).
48
Let n(y) = 19*y**3 + 4*y**2 + 2*y + 1. What is n(-1)?
-16
Let c(y) = 104*y + 525. Determine c(-5).
5
Let b(j) = j**3 + 11*j**2 - 9*j + 13. Determine b(-12).
-23
Let k(f) = f**3 + 8*f**2 + 16*f + 10. Give k(-7).
-53
Let a(d) = d**3 - 11*d**2 + 2. Calculate a(11).
2
Let o(p) = 2*p + 134. Determine o(-66).
2
Let t(l) = 3*l**3 + 16*l**2 - 4*l - 15. Give t(-5).
30
Let z(m) = -6*m + 5. Give z(6).
-31
Let i(t) = t**3 - 14*t**2 - 6. Give i(14).
-6
Let r(z) = -z**3 - 26*z**2 + 119*z - 49. Determine r(-30).
-19
Let y(s) = 2*s**3 + 7*s**2 - 4*s - 9. Give y(-4).
-9
Let u(h) = -3*h - 12. Give u(-8).
12
Let o(c) = 2*c**2 - 25*c + 15. Determine o(12).
3
Let g(c) = -2*c - 13. Determine g(-15).
17
Let k(b) = 10*b**3 - 1. Give k(-1).
-11
Let n(b) = b**3 + 2*b**2 + 3*b + 2. What is n(-2)?
-4
Let r(a) = -14*a + 13. What is r(4)?
-43
Let u(q) = -3*q**2 - 2*q + 5. Determine u(5).
-80
Let q(d) = -3*d + 33. Calculate q(10).
3
Let z(s) = -3*s - 26. Determine z(-9).
1
Let h(x) = 2*x**2 + 12*x - 17. Determine h(-7).
-3
Let y(x) = 3*x + 73. Calculate y(-17).
22
Let v(j) = j**2 + 4*j + 4. Give v(-7).
25
Let v(u) = -u**3 - 9*u**2 + 9*u - 11. Determine v(-10).
-1
Let b(c) = -c**2 - 15*c + 15. Give b(-16).
-1
Let j(f) = f**2 - 13*f - 3. Determine j(13).
-3
Let j(k) = 4*k**2 + 3*k + 8. What is j(-4)?
60
Let m(j) = 2*j - 68. Determine m(34).
0
Let z(q) = 27*q + 2. Determine z(6).
164
Let p(c) = -c**3 + 36*c**2 + 38*c - 45. Give p(37).
-8
Let s(f) = -f**2 - 12*f + 16. Give s(-13).
3
Let c(u) = u**2 + 7*u - 41. What is c(-12)?
19
Let r(o) = 8*o + 24. Calculate r(-14).
-88
Let p(m) = 6*m**3 - 2*m**2 - 6*m - 8. Calculate p(-2).
-52
Let y(p) = 22*p + 81. What is y(-4)?
-7
Let q(m) = 74*m - 218. Determine q(3).
4
Let r(d) = -d**3 - 21*d**2 + 15. Give r(-21).
15
Let w(v) = v**3 + 8*v**2 - v - 1. Give w(-9).
-73
Let x(c) = -c + 1. Calculate x(-4).
5
Let r(v) = -37*v + 116. Determine r(3).
5
Let o(q) = 3*q**2 - 3*q. Determine o(3).
18
Let j(t) = 80*t**2 - 163*t + 1. What is j(2)?
-5
Let q(o) = -2*o**3 + o**2 + 7*o + 3. Calculate q(-3).
45
Let v(q) = -q**2 - 14*q + 23. Determine v(-15).
8
Let j(n) = -2*n**3 + 2*n**2 + 11*n + 4. Calculate j(3).
1
Let x(p) = -18*p - 19. Calculate x(-1).
-1
Let v(a) = 38*a + 387. Determine v(-10).
7
Let d(x) = -x + 5. Calculate d(2).
3
Let h(x) = -x**3 + 12*x**2 - 15*x + 31. Give h(11).
-13
Let s(x) = -x**3 + 14*x**2 - 25*x - 7. Give s(4).
53
Let n(c) = -21*c + 142. Calculate n(7).
-5
Let r(p) = p**3 - 3*p**2 + 9*p - 12. What is r(2)?
2
Let i(d) = -11*d - 1. Calculate i(1).
-12
Let k(x) = -x**2 + 4*x - 4. What is k(2)?
0
Let x(k) = 6*k - 262. What is x(42)?
-10
Let r(k) = 2*k**2 - 5*k - 5. Determine r(6).
37
Let i(w) = 2*w**2 - 37. Calculate i(-4).
-5
Let v(c) = -c**2 + 6*c + 4. Calculate v(7).
-3
Let v(f) = 4*f + 11. Calculate v(-9).
-25
Let f(l) = -l**3 + 7*l**2 - 8*l - 12. What is f(5)?
-2
Let z(a) = -5*a**2 - 2*a - 2. What is z(-5)?
-117
Let r(g) = 7*g**2 + 27*g + 6. Calculate r(-5).
46
Let t(c) = 2*c**3 + c**2. What is t(1)?
3
Let v(c) = 19*c + 8. What is v(-1)?
-11
Let w(l) = l**3 - 7*l**2 - 4*l + 19. Determine w(6).
-41
Let f(m) = m**2 + 15*m + 6. Calculate f(-14).
-8
Let n(i) = 2*i**2 + 25*i + 8. Determine n(-13).
21
Let c(f) = -f**3 + 8*f**2 + 6*f - 2. Determine c(9).
-29
Let w(p) = -p**2 - p. Calculate w(-2).
-2
Let u(r) = 3*r**2 + 21*r - 1. Calculate u(-7).
-1
Let o(p) = -94*p + 260. What is o(3)?
-22
Let j(q) = -q**2 - 10*q - 6. What is j(-7)?
15
Let y(x) = -2*x + 18. Calculate y(10).
-2
Let l(k) = -k**3 + 6*k**2 - 4*k + 5. What is l(6)?
-19
Let o(p) = 16*p + 49. Determine o(-4).
-15
Let r(u) = -22*u - 137. Give r(-6).
-5
Let z(l) = l**2 - 41*l + 6. What is z(42)?
48
Let x(s) = -s**3 - 2*s**2 - s + 7. What is x(-3)?
19
Let c(v) = v**2 - 34*v - 50. What is c(36)?
22
Let q(n) = -n**3 + 12*n**2 + 2*n - 12. What is q(12)?
12
Let k(j) = -2*j**3 + 22*j**2 - 2*j - 3. Determine k(11).
-25
Let c(j) = 34*j + 614. Calculate c(-18).
2
Let s(k) = -k**3 - k**2 + k - 16. What is s(0)?
-16
Let z(y) = y**2 + y - 29. Give z(5).
1
Let i(s) = 5*s**3 - 2*s**2 + 4*s - 1. Give i(1).
6
Let c(i) = -i**2 + 9*i. Determine c(10).
-10
Let d(o) = -7*o + 4. Determine d(7).
-45
Let h(n) = 2*n**2 - 51*n - 33. Determine h(26).
-7
Let l(y) = -9*y + 151. Determine l(17).
-2
Let r(j) = -j**3 + j**2 + 17*j + 2. Give r(5).
-13
Let n(l) = -3*l - 36. Determine n(-14).
6
Let f(n) = -n**3 + 12*n**2 - 13*n + 1. What is f(11)?
-21
Let u(t) = t**3 - 3*t**2 - 9*t + 10. Give u(0).
10
Let v(z) = 17*z + 6. Calculate v(-1).
-11
Let p(x) = x + 27. Calculate p(-32).
-5
Let k(t) = -t - 2. Calculate k(-9).
7
Let g(a) = a**3 + 3*a**2 - 4. Give g(-3).
-4
Let s(z) = -z**2 - 16*z - 21. Give s(-15).
-6
Let p(k) = -2*k - 2. What is p(-2)?
2
Let y(s) = -15*s - 211. Determine y(-14).
-1
Let n(w) = w**2 + 11*w + 20. What is n(-9)?
2
Let o(a) = -a**3 + a**2 - a - 35. Determine o(0).
-35
Let y(r) = 55*r. Determine y(-1).
-55
Let w(m) = -m**3 - 19*m**2 + 26*m + 25. Calculate w(-20).
-95
Let f(d) = d**2 + d - 66. What is f(-9)?
6
Let i(r) = -r**3 - 11*r**2 + 46*r + 49. What is i(-14)?
-7
Let v(z) = -2*z**3 + 8*z**2 - 9*z + 17. Calculate v(3).
8
Let t(g) = g**2 - 5*g - 2. What is t(-3)?
22
Let n(j) = j**2 - 22*j + 102. Determine n(15).
-3
Let i(t) = -30*t**2 + 7*t - 9. Calculate i(2).
-115
Let i(n) = -4*n**3 - 4*n**2 - 2*n + 1. Give i(-2).
21
Let m(r) = 2*r**2 - 4*r + 3. Determine m(2).
3
Let p(u) = -2*u**3 - 18*u**2 + 17*u + 2. Calculate p(-10).
32
Let u(j) = 2*j**2 + 11*j - 10. Calculate u(-6).
-4
Let u(v) = -v**3 + 4*v**2 + 3*v - 9. Give u(4).
3
Let z(d) = 2*d + 14. Give z(-17).
-20
Let z(x) = -3*x - 64. Give z(-20).
-4
Let x(w) = 39*w - 379. Determine x(10).
11
Let n(m) = -m**2 + 2*m + 3. Calculate n(5).
-12
Let i(y) = y**3 + y**2 - y + 68. Determine i(0).
68
Let a(x) = x**3 - 39*x**2 + 40*x - 74. What is a(38)?
2
Let w(d) = -12*d**2 - 54*d + 20. Determine w(-5).
-10
Let y(i) = -3*i**2 + 23*i - 63. What is y(3)?
-21
Let m(z) = z**3 + 5*z**2 + 6*z. What is m(-5)?
-30
Let v(i) = -50*i**2 - i - 1. Calculate v(-1).
-50
Let x(s) = -2*s**3 - 89*s**2 + 46*s + 41. What is x(-45)?
-4
Let m(u) = -u - 7. Give m(-8).
1
Let p(h) = h**2 - 4*h + 11. What is p(6)?
23
Let b(n) = -n**3 + 12*n**2 - 27*n - 31. What is b(8)?
9